mon factor of q and u.
4
Suppose -1 + 10 = -3*q, d - q - 4 = 0. Suppose -42*l + 21929 = 21845. Calculate the highest common factor of l and d.
1
Let j(s) = -9078*s - 314. Let w be j(-1). Calculate the highest common divisor of w and 28.
28
Suppose 34112 = -118*b + 422974 + 72990. What is the highest common factor of 38 and b?
38
Suppose -w + 18 = 5*x, -3*w = x - 0 + 2. What is the highest common divisor of x and 38?
2
Suppose 52970 = 7*b - 2*b + m, 3*b = 3*m + 31764. What is the greatest common divisor of 36 and b?
9
Suppose 0 = 25*q - 30*q. Suppose q = 4*i - 12, -f + 2*f = 5*i + 5. Calculate the greatest common factor of f and 50.
10
Let h(o) = 13*o**2 - 20*o + 2. Let i(b) = -14*b**2 + 19*b - 1. Let q(c) = 3*h(c) + 2*i(c). Let j be q(8). What is the highest common factor of 114 and j?
38
Suppose -5*b + 161 = m, 0 = -3*b + m + 128 - 33. Let j(x) = -3*x**2 + 17*x + 10. Let d be j(8). Let u = d - -70. What is the greatest common factor of b and u?
8
Suppose 24*n - 64078 = n. Calculate the greatest common divisor of 28 and n.
14
Let d(w) = -1 + 5 + 15 - 3*w + 2. Let r be d(7). Suppose r = s + 7*b - 3*b + 1, -s = b - 5. Calculate the highest common factor of s and 28.
7
Let c be 366/3 - (-1)/(2 - 1). Let y be (5 + -292)*10/(-10). What is the greatest common factor of y and c?
41
Suppose -1 - 23 = -2*s. Suppose -u + 4 - 2 = -c, -2 = u - 3*c. Suppose -g = u*g - 40. Calculate the highest common divisor of s and g.
4
Suppose -33*w + 8 = 173. Let q be (-10 + -14 + 49)*(-11)/w. Let x = -12 - -17. What is the greatest common factor of q and x?
5
Let t(x) = 7*x**2 - 722*x - 54. Let u be t(104). What is the highest common divisor of 15770 and u?
190
Let o be -6*(-10)/(-15) - -4. Let p be 2*((-2 - -4) + o). Suppose -5*j + y - 4*y = -50, 3*j = -5*y + 30. Calculate the greatest common divisor of p and j.
2
Suppose 4*r = -5*g + 1877, -5*g - 1850 + 451 = -3*r. Let a = r + -454. Suppose f - 3*n = 9, -4*n = -f - 0*f + 5. What is the highest common factor of f and a?
7
Let u = 1296 + 69. Calculate the highest common divisor of u and 420.
105
Let w = -25176 + 26666. Calculate the highest common divisor of 596 and w.
298
Suppose 4*l - 1359 + 139 = 0. Suppose 161*y = 156*y + 3*o + 281, -3*y - 4*o = -215. Calculate the greatest common divisor of y and l.
61
Suppose 3*w + 0*w = 12. Suppose 5*p = 5*j - 41 + 616, 3*p - 310 = -2*j. Calculate the highest common divisor of w and p.
4
Suppose -4*u + 19 = 15, 5*u + 209287 = 6*q. What is the greatest common factor of 652 and q?
326
Suppose 0 = -4*k + 3*f + 27 + 80, -2*f - 10 = 0. Let j = -14 + k. Suppose 355 = j*g + 121. Calculate the highest common divisor of g and 104.
26
Suppose -3*i = 5*d - 355 + 58, 0 = 3*i - 5*d - 327. Let v(y) = -2*y**2 - 60*y + 154. Let u be v(-32). What is the greatest common divisor of i and u?
26
Suppose 8*j - 15*j = -126. Let x(c) = 14*c - 241. Let g be x(j). Calculate the highest common divisor of g and 451.
11
Let q be (84/9)/(2/(-6)). Let p = q + 4. Let c = p - -52. What is the greatest common factor of 42 and c?
14
Let n(w) = -w**3 - 7*w**2 - 2*w - 14. Let m be n(-6). Let d = 82 + m. What is the highest common factor of 396 and d?
44
Let b(d) = d**2 - 6*d - 8. Let u be b(8). Suppose 0*s + 176 = u*s. Let i = 44 - s. What is the highest common factor of 88 and i?
22
Suppose -2*u + 594 = 4*v, u + 297 = 2*u - 4*v. Suppose 2*j - u = -285. What is the highest common factor of 10 and j?
2
Suppose -4*l + 1016 = -8*l. Let s = l + 286. What is the highest common divisor of 1024 and s?
32
Let q(c) = 10*c - 70. Let r be q(17). Let m be (-540)/r*-1*45. What is the highest common divisor of m and 54?
27
Let u be 31/(3/(-2) + 1). Let p be (-10)/5*(-1222)/(-52). Let s = p - u. Calculate the greatest common factor of s and 120.
15
Let o = 5008 - 4966. Suppose 0 = -3*w - 2*f + 683, -5*f = 8*w - 7*w - 206. What is the highest common factor of w and o?
21
Let y be (-8)/2 - (-3 + -46). Suppose -8*v + 603 = v. Let w = v - 62. Calculate the highest common divisor of w and y.
5
Let n(w) = -2*w**3 - 2*w**2 - w - 2. Let c be n(-4). Suppose -1241*v = -1324*v + 4067. What is the highest common factor of c and v?
49
Suppose 5*k - 32 = 13. Suppose 6*l = 8*l + a - 292, -7*l = a - 1012. Calculate the greatest common divisor of l and k.
9
Suppose 56*z + 46*z - 5304 = 0. Calculate the highest common divisor of 2483 and z.
13
Suppose -20*o - 337212 = 2*o - 51*o. Calculate the highest common factor of o and 38.
38
Suppose 5*m - 3*v - 19563 = 0, -3908 = -135*m + 134*m - 4*v. What is the greatest common divisor of 4 and m?
4
Suppose 35*x - 128 = 31*x. Suppose -5*j - 3*j + x = 0. Let i = -373 - -374. Calculate the highest common divisor of j and i.
1
Let i be 12/(-30) + (-466)/10. Let y = -26 - i. Suppose -3*f - 34 = -3*s - 4, -3*s - f = -18. What is the greatest common factor of s and y?
7
Suppose 92*v - 263 = 13. Let m(c) = c**3 - 6*c**2 + 2*c - 5. Let u be m(6). Suppose -u*g + v*g = -72. Calculate the greatest common factor of 6 and g.
6
Let q(x) = -2*x**3 + 11*x**2 + x - 24. Let i be q(5). What is the highest common factor of 669 and i?
3
Let d be ((-54)/(-2))/(20/60). Calculate the greatest common factor of d and 1161.
27
Let l be (-3 - 20/(-6)) + 0 - (-980)/147. Calculate the highest common divisor of 875 and l.
7
Suppose 3*g - 4940 - 2188 = 0. Calculate the highest common factor of g and 88.
88
Let p = -227 - -15. Let n = -72 - p. Calculate the highest common divisor of n and 20.
20
Let q = -91 - -95. Suppose 4*h + q*n - 92 = 0, -12 = 11*n - 7*n. Calculate the greatest common factor of h and 221.
13
Suppose 47*b = -4*t + 44*b + 2037, -3*t - b + 1534 = 0. Calculate the greatest common factor of t and 72.
9
Suppose -77*n + 107 = 15*n - 445. Calculate the highest common divisor of n and 278.
2
Suppose d - 6120 = -3*d - 3*k, 4*k = 3*d - 4565. Suppose -19*s + 183 = -d. Suppose 0 = -b + 4*b - 54. Calculate the greatest common divisor of s and b.
18
Let s be ((-243666)/(-16))/9 + (136/(-64) - -2). Calculate the highest common factor of s and 36.
36
Let q(r) = -r**2 + 71*r. Let k be q(40). What is the highest common factor of 520 and k?
40
Let f = 5995 + -5753. What is the highest common factor of f and 1584?
22
Let b be 53/159*(2 - 0)*1*6. Let z = 34 + -20. Suppose z*t = 11*t + 9. Calculate the greatest common factor of b and t.
1
Let l = -803 + 804. Let z = -3 - -8. Let a be (-1 - l)/((-1)/z). Calculate the highest common divisor of a and 70.
10
Let f be (-22 + 14)*50/(-4). Suppose 0 = -0*z + 10*z - f. Calculate the greatest common divisor of z and 90.
10
Suppose j = -3*o + 34 + 16, -5*o - 206 = -3*j. Let b = j - 29. Calculate the highest common factor of 297 and b.
33
Suppose 4*j = -n + 200, j = 3*n - 2*n - 190. Let h = 269 - n. Calculate the highest common divisor of 7 and h.
7
Suppose 0 = 4*v + 4*d, -18 = 2*v - 3*d - d. Let s be (24/(-16))/(v/(-4)). Let z be 4 - (s - 10 - -4). Calculate the greatest common factor of 2 and z.
2
Let u be ((-20)/(-3) - 6)/((-4)/(-6)). Let n(m) = 232*m**2 - m. Let g be n(u). Calculate the highest common divisor of 21 and g.
21
Let v be 15 + -5 + 310 + 3 + 2. What is the greatest common factor of v and 1196?
13
Suppose 16*c = 87 + 201. Calculate the greatest common divisor of c and 126.
18
Let o be (-165)/(-54) - 12/216. Let b(w) = -35*w - 6. Let c be b(-5). Let t be (-6)/18 + c/o. Calculate the highest common factor of 28 and t.
28
Suppose 0 = 3*x - 5*k - 8, 3 = -x - 4*k + 17. What is the highest common factor of 303 and x?
3
Suppose -2*f + 7460 = 3*f. Let r = f + -994. Let p = r - 168. What is the highest common factor of p and 30?
30
Let v = 3875 + -3868. Let m = 3 - 0. Suppose -v*y + 308 = -m*y. What is the greatest common divisor of y and 22?
11
Let n = -17560 - -21820. Calculate the greatest common factor of n and 540.
60
Let h = -8485 + 8549. Calculate the greatest common factor of 380 and h.
4
Let h = -58 + 130. Let c be 1483/1 + (-6)/(-2). Suppose -134 = -9*y + c. What is the greatest common factor of h and y?
36
Suppose 684 = 41*c + 9*c - 2216. Calculate the greatest common factor of 3683 and c.
29
Let i(j) = 16*j + 75. Let n be i(-4). Suppose -3*o + 90 = -2*k, 19 = o - 5*k - n. What is the greatest common factor of 12 and o?
6
Let n(h) = -h**2 - 7*h - 8. Let s be -6*2/(-12)*-3. Let t 